{"id":2073,"date":"2025-05-27T09:27:01","date_gmt":"2025-05-27T09:27:01","guid":{"rendered":"https:\/\/eskape.ca\/starkfuture\/?page_id=2073"},"modified":"2025-05-27T09:39:21","modified_gmt":"2025-05-27T09:39:21","slug":"about-2","status":"publish","type":"page","link":"https:\/\/eskape.ca\/starkfuture\/about-2\/","title":{"rendered":"\u00c0 propos"},"content":{"rendered":"\t\t<div data-elementor-type=\"wp-page\" data-elementor-id=\"2073\" class=\"elementor elementor-2073\" data-elementor-post-type=\"page\">\n\t\t\t\t\t\t<section class=\"elementor-section elementor-top-section elementor-element elementor-element-a810aae elementor-hidden-desktop elementor-hidden-tablet elementor-hidden-mobile elementor-section-boxed elementor-section-height-default elementor-section-height-default\" data-id=\"a810aae\" data-element_type=\"section\" data-settings=\"{&quot;background_background&quot;:&quot;classic&quot;}\">\n\t\t\t\t\t\t<div class=\"elementor-container elementor-column-gap-default\">\n\t\t\t\t\t<div class=\"elementor-column elementor-col-100 elementor-top-column elementor-element elementor-element-34ad47e\" data-id=\"34ad47e\" data-element_type=\"column\">\n\t\t\t<div class=\"elementor-widget-wrap elementor-element-populated\">\n\t\t\t\t\t\t\t<\/div>\n\t\t<\/div>\n\t\t\t\t\t<\/div>\n\t\t<\/section>\n\t\t\t\t<section class=\"elementor-section elementor-top-section elementor-element elementor-element-526cedd elementor-section-height-min-height elementor-section-items-bottom elementor-section-boxed elementor-section-height-default\" data-id=\"526cedd\" data-element_type=\"section\" data-settings=\"{&quot;background_background&quot;:&quot;classic&quot;}\">\n\t\t\t\t\t\t<div class=\"elementor-container elementor-column-gap-default\">\n\t\t\t\t\t<div class=\"elementor-column elementor-col-100 elementor-top-column elementor-element elementor-element-8adb86c\" data-id=\"8adb86c\" data-element_type=\"column\">\n\t\t\t<div class=\"elementor-widget-wrap elementor-element-populated\">\n\t\t\t\t\t\t<div class=\"elementor-element elementor-element-e82f4e6 elementor-align-center elementor-widget elementor-widget-button\" data-id=\"e82f4e6\" data-element_type=\"widget\" data-widget_type=\"button.default\">\n\t\t\t\t<div class=\"elementor-widget-container\">\n\t\t\t\t\t\t\t\t\t<div class=\"elementor-button-wrapper\">\n\t\t\t\t\t<a class=\"elementor-button elementor-button-link elementor-size-sm\" href=\"\/starkfuture\/en\/product\/stark-varg\/\">\n\t\t\t\t\t\t<span class=\"elementor-button-content-wrapper\">\n\t\t\t\t\t\t\t\t\t<span class=\"elementor-button-text\">Apprendre encore plus<\/span>\n\t\t\t\t\t<\/span>\n\t\t\t\t\t<\/a>\n\t\t\t\t<\/div>\n\t\t\t\t\t\t\t\t<\/div>\n\t\t\t\t<\/div>\n\t\t\t\t\t<\/div>\n\t\t<\/div>\n\t\t\t\t\t<\/div>\n\t\t<\/section>\n\t\t\t\t<section class=\"elementor-section elementor-top-section elementor-element elementor-element-4e30a98 elementor-section-boxed elementor-section-height-default elementor-section-height-default\" data-id=\"4e30a98\" data-element_type=\"section\" data-settings=\"{&quot;background_background&quot;:&quot;classic&quot;}\">\n\t\t\t\t\t\t<div class=\"elementor-container elementor-column-gap-default\">\n\t\t\t\t\t<div class=\"elementor-column elementor-col-100 elementor-top-column elementor-element elementor-element-3d84ba2\" data-id=\"3d84ba2\" data-element_type=\"column\">\n\t\t\t<div class=\"elementor-widget-wrap elementor-element-populated\">\n\t\t\t\t\t\t<div class=\"elementor-element elementor-element-8f4705f elementor-widget elementor-widget-text-editor\" data-id=\"8f4705f\" data-element_type=\"widget\" data-widget_type=\"text-editor.default\">\n\t\t\t\t<div class=\"elementor-widget-container\">\n\t\t\t\t\t\t\t\t\t<p data-start=\"0\" data-end=\"496\">Stark Future est le fabricant de motos de motocross \u00e9lectriques le plus avanc\u00e9 technologiquement. Eskape est fier d\u2019\u00eatre un pionnier dans le domaine de l\u2019\u00e9lectrification de nos sports motoris\u00e9s au Canada. Nous croyons que le fait d\u2019offrir la possibilit\u00e9 de pratiquer notre sport sans faire de bruit ouvrira un nombre infini de possibilit\u00e9s, tant en enduro qu\u2019en motocross. Embarquez dans l\u2019aventure Stark Future avec le meilleur de l\u2019\u00e9lectrique et soyez assur\u00e9(e) de ne jamais rester \u00e0 la tra\u00eene\u2026<\/p><p data-start=\"498\" data-end=\"651\" data-is-last-node=\"\" data-is-only-node=\"\">Eskape s\u2019assurera que votre Stark Future vous soit livr\u00e9e partout au Canada dans les plus brefs d\u00e9lais. Contactez d\u00e8s maintenant l\u2019un de nos conseillers.<\/p>\t\t\t\t\t\t\t\t<\/div>\n\t\t\t\t<\/div>\n\t\t\t\t\t<\/div>\n\t\t<\/div>\n\t\t\t\t\t<\/div>\n\t\t<\/section>\n\t\t\t\t<\/div>\n\t\t","protected":false},"excerpt":{"rendered":"<p>\u00c0 propos \u00c0 propos \u00c0 propos \u00c0 propos \u00c0 propos \u00c0 propos \u00c0 propos Apprendre encore plus Stark Future est le fabricant de motos de motocross \u00e9lectriques le plus avanc\u00e9 technologiquement. Eskape est fier d\u2019\u00eatre un pionnier dans le domaine de l\u2019\u00e9lectrification de nos sports motoris\u00e9s au Canada. Nous croyons que le fait d\u2019offrir la [&hellip;]<\/p>\n","protected":false},"author":3,"featured_media":0,"parent":0,"menu_order":0,"comment_status":"closed","ping_status":"closed","template":"elementor_header_footer","meta":{"_acf_changed":false,"footnotes":""},"class_list":["post-2073","page","type-page","status-publish","hentry"],"acf":[],"_links":{"self":[{"href":"https:\/\/eskape.ca\/starkfuture\/wp-json\/wp\/v2\/pages\/2073","targetHints":{"allow":["GET"]}}],"collection":[{"href":"https:\/\/eskape.ca\/starkfuture\/wp-json\/wp\/v2\/pages"}],"about":[{"href":"https:\/\/eskape.ca\/starkfuture\/wp-json\/wp\/v2\/types\/page"}],"author":[{"embeddable":true,"href":"https:\/\/eskape.ca\/starkfuture\/wp-json\/wp\/v2\/users\/3"}],"replies":[{"embeddable":true,"href":"https:\/\/eskape.ca\/starkfuture\/wp-json\/wp\/v2\/comments?post=2073"}],"version-history":[{"count":4,"href":"https:\/\/eskape.ca\/starkfuture\/wp-json\/wp\/v2\/pages\/2073\/revisions"}],"predecessor-version":[{"id":2081,"href":"https:\/\/eskape.ca\/starkfuture\/wp-json\/wp\/v2\/pages\/2073\/revisions\/2081"}],"wp:attachment":[{"href":"https:\/\/eskape.ca\/starkfuture\/wp-json\/wp\/v2\/media?parent=2073"}],"curies":[{"name":"wp","href":"https:\/\/api.w.org\/{rel}","templated":true}]}}