{"id":353,"date":"2023-02-06T14:04:29","date_gmt":"2023-02-06T14:04:29","guid":{"rendered":"https:\/\/starkfuture.ca\/?page_id=353"},"modified":"2023-03-15T22:30:19","modified_gmt":"2023-03-15T22:30:19","slug":"termes-et-conditions","status":"publish","type":"page","link":"https:\/\/eskape.ca\/starkfuture\/termes-et-conditions\/","title":{"rendered":"termes et conditions"},"content":{"rendered":"\t\t<div data-elementor-type=\"wp-page\" data-elementor-id=\"353\" class=\"elementor elementor-353\" data-elementor-post-type=\"page\">\n\t\t\t\t\t\t<section class=\"elementor-section elementor-top-section elementor-element elementor-element-9fcc5f0 elementor-section-boxed elementor-section-height-default elementor-section-height-default\" data-id=\"9fcc5f0\" data-element_type=\"section\" data-settings=\"{&quot;background_background&quot;:&quot;classic&quot;}\">\n\t\t\t\t\t\t<div class=\"elementor-container elementor-column-gap-default\">\n\t\t\t\t\t<div class=\"elementor-column elementor-col-100 elementor-top-column elementor-element elementor-element-c642a2d\" data-id=\"c642a2d\" data-element_type=\"column\">\n\t\t\t<div class=\"elementor-widget-wrap elementor-element-populated\">\n\t\t\t\t\t\t<div class=\"elementor-element elementor-element-00d38ab elementor-widget elementor-widget-heading\" data-id=\"00d38ab\" data-element_type=\"widget\" data-widget_type=\"heading.default\">\n\t\t\t\t<div class=\"elementor-widget-container\">\n\t\t\t\t\t<h2 class=\"elementor-heading-title elementor-size-default\">TERMS &amp; CONDITION<\/h2>\t\t\t\t<\/div>\n\t\t\t\t<\/div>\n\t\t\t\t\t<\/div>\n\t\t<\/div>\n\t\t\t\t\t<\/div>\n\t\t<\/section>\n\t\t\t\t<section class=\"elementor-section elementor-top-section elementor-element elementor-element-f6c206f elementor-section-height-min-height elementor-section-boxed elementor-section-height-default elementor-section-items-middle\" data-id=\"f6c206f\" data-element_type=\"section\" data-settings=\"{&quot;background_background&quot;:&quot;classic&quot;}\">\n\t\t\t\t\t\t<div class=\"elementor-container elementor-column-gap-default\">\n\t\t\t\t\t<div class=\"elementor-column elementor-col-100 elementor-top-column elementor-element elementor-element-a15b95b\" data-id=\"a15b95b\" data-element_type=\"column\">\n\t\t\t<div class=\"elementor-widget-wrap elementor-element-populated\">\n\t\t\t\t\t\t<div class=\"elementor-element elementor-element-ee902f3 elementor-widget elementor-widget-text-editor\" data-id=\"ee902f3\" data-element_type=\"widget\" data-widget_type=\"text-editor.default\">\n\t\t\t\t<div class=\"elementor-widget-container\">\n\t\t\t\t\t\t\t\t\t<p>Bienvenue sur le site Starkfuture.ca (le &#8220;site Starkfuture.ca&#8221;). Les services de ce site sont offerts par Les entreprises Starkfuture inc. (&#8220;Starkfuture.ca&#8221;) et ses partenaires, sous r\u00e9serve des conditions suivantes. <strong>Si vous visitez le site Starkfuture.ca ou si vous y effectuez des achats, vous acceptez alors les conditions suivantes.<\/strong> Veuillez les lire attentivement. Lorsque vous utilisez un service actuel ou futur de Starkfuture.ca ou que vous visitez ou achetez aupr\u00e8s d&#8217;une entreprise partenaire de Starkfuture.ca, qu&#8217;elle soit ou non incluse dans le site Starkfuture.ca, vous \u00eates \u00e9galement sujet aux Termes et conditions applicables \u00e0 ce service ou \u00e0 cette entreprise. EN UTILISANT LE SITE STARKFUTURE.CA ET LES SERVICES QUI Y SONT OFFERTS, VOUS ACCEPTEZ LES CONDITIONS D&#8217;UTILISATION ET TOUTES LES POLITIQUES, CONDITIONS ET INSTRUCTIONS QUI S&#8217;Y RAPPORTENT. SI VOUS REFUSEZ L&#8217;UNE DE CES CONDITIONS D&#8217;UTILISATION, VOUS NE POUVEZ PAS UTILISER LE SITE STARKFUTURE.CA.<\/p><h3>AVIS, COMMENTAIRES, COMMUNICATIONS ET AUTRES INFORMATIONS<\/h3><p>Les utilisateurs peuvent publier des avis, des commentaires et d&#8217;autres contenus, envoyer des e-cartes et d&#8217;autres communications, et faire des suggestions, proposer des id\u00e9es, soumettre des commentaires, poser des questions ou communiquer d&#8217;autres informations, tant que le contenu n&#8217;est pas ill\u00e9gal, obsc\u00e8ne, mena\u00e7ant, diffamatoire, invasif, violant les droits de propri\u00e9t\u00e9 intellectuelle, ou autrement pr\u00e9judiciable \u00e0 des tiers ou r\u00e9pr\u00e9hensible, et qu&#8217;il ne consiste pas ou ne contient pas de virus, de campagnes politiques, de sollicitations commerciales, de cha\u00eenes de lettres, d&#8217;envois massifs ou toute autre forme de &#8220;spam&#8221;. Il est interdit d&#8217;utiliser une fausse adresse \u00e9lectronique, de se faire passer pour une personne ou une entit\u00e9, ou de donner une fausse id\u00e9e de l&#8217;origine d&#8217;une carte ou d&#8217;un autre contenu. Starkfuture.ca a le droit (mais non l&#8217;obligation) de supprimer ou de modifier ce type de contenu, mais ne v\u00e9rifie pas r\u00e9guli\u00e8rement le contenu affich\u00e9.<\/p><p>Si vous publiez du contenu ou soumettez du mat\u00e9riel, et sauf indication contraire de notre part, vous accordez \u00e0 Starkfuture.ca et \u00e0 ses soci\u00e9t\u00e9s affili\u00e9es le droit non exclusif, libre de redevances, perp\u00e9tuel, irr\u00e9vocable et enti\u00e8rement sous-licenciable d&#8217;utiliser, de reproduire, de modifier, d&#8217;adapter, de publier, de traduire, de cr\u00e9er des produits d\u00e9riv\u00e9s, de distribuer et d&#8217;afficher ce contenu partout dans le monde et sur tous les m\u00e9dias. Vous accordez \u00e0 Starkfuture.ca, \u00e0 ses partenaires et \u00e0 ses sous-licenci\u00e9s le droit d&#8217;utiliser le nom que vous soumettez en relation avec ce contenu, s&#8217;ils le souhaitent. Vous d\u00e9clarez et assurez que vous d\u00e9tenez ou contr\u00f4lez tous les droits sur le contenu que vous publiez ; que le contenu est correct ; que l&#8217;utilisation du contenu que vous publiez ne viole pas cette politique et ne causera pas de pr\u00e9judice \u00e0 une personne ou une entit\u00e9 ; et que vous indemniserez Starkfuture.ca ou ses partenaires pour toutes les r\u00e9clamations r\u00e9sultant du contenu que vous publiez. Starkfuture.ca a le droit, mais non l&#8217;obligation, de surveiller et d&#8217;\u00e9diter ou de supprimer toute activit\u00e9 ou tout contenu. Starkfuture.ca ne prend aucune responsabilit\u00e9 et n&#8217;assume aucune obligation pour tout contenu post\u00e9 par vous ou par une tierce partie.<\/p><h3>RISQUE DE PERTE<\/h3><p>Tous les articles achet\u00e9s sur Starkfuture.ca font l&#8217;objet d&#8217;un contrat d&#8217;exp\u00e9dition. Cela signifie que le risque de perte et le droit de propri\u00e9t\u00e9 de ces articles vous sont transf\u00e9r\u00e9s au moment de la remise du produit au transporteur.<\/p><h3>DESCRIPTIONS DE PRODUITS<\/h3><p>Starkfuture.ca veille \u00e0 ce que son contenu soit le plus pr\u00e9cis possible. Cependant, Starkfuture.ca ne garantit pas que les descriptions de produits ou tout autre contenu du site Starkfuture.ca sont exacts, complets, fiables, \u00e0 jour ou exempts d&#8217;erreurs. Si un produit offert par Starkfuture.ca n&#8217;est pas tel que d\u00e9crit, votre seul recours est de le retourner dans son \u00e9tat d&#8217;origine.<\/p><h3>PRIX<\/h3><p>Sauf indication contraire, le prix catalogue affich\u00e9 pour les articles sur notre site web repr\u00e9sente le prix de d\u00e9tail complet indiqu\u00e9 sur l&#8217;article lui-m\u00eame, sugg\u00e9r\u00e9 par le fabricant ou le fournisseur, ou estim\u00e9 conform\u00e9ment \u00e0 la norme de l&#8217;industrie. Le prix catalogue est une estimation comparative et peut ou non repr\u00e9senter le prix en vigueur dans chaque r\u00e9gion un jour donn\u00e9. Pour certains articles vendus en lot, le prix catalogue peut repr\u00e9senter des prix &#8220;en stock&#8221;, c&#8217;est-\u00e0-dire l&#8217;ensemble des prix de vente estim\u00e9s ou sugg\u00e9r\u00e9s par le fabricant pour chacun des articles inclus dans le lot. Lorsqu&#8217;un article est propos\u00e9 \u00e0 la vente par l&#8217;un de nos marchands, le prix catalogue est parfois fourni par le marchand.<\/p><p>En ce qui concerne les articles vendus par Starkfuture.ca, nous ne pouvons pas confirmer le prix d&#8217;un article avant que vous ne passiez la commande ; cependant, nous ne facturons PAS votre carte de cr\u00e9dit avant que votre commande ne soit entr\u00e9e dans le processus d&#8217;exp\u00e9dition. Malgr\u00e9 tous nos efforts, il se peut qu&#8217;un certain nombre d&#8217;articles de notre catalogue soient mal tarif\u00e9s. Si le prix correct d&#8217;un article est plus \u00e9lev\u00e9 que le prix indiqu\u00e9, nous vous contacterons, \u00e0 notre discr\u00e9tion, pour vous informer avant l&#8217;exp\u00e9dition ou nous annulerons votre commande et vous en informerons.<\/p><p>Tous les prix sont susceptibles d&#8217;\u00eatre modifi\u00e9s. Starkfuture.ca se r\u00e9serve le droit d&#8217;ajuster les prix et les promotions pour des raisons telles que, mais sans s&#8217;y limiter, le changement des conditions du march\u00e9, la discontinuit\u00e9 des produits, la non-disponibilit\u00e9 des produits, les changements de prix impos\u00e9s par les fabricants et les erreurs dans les publicit\u00e9s. Toutes les commandes sont soumises \u00e0 la disponibilit\u00e9 des produits. Par cons\u00e9quent, Starkfuture.ca ne peut pas garantir qu&#8217;il sera en mesure d&#8217;honorer les commandes du client.<\/p><h3>EXCLUSION DE GARANTIE ET LIMITATION DE RESPONSABILIT\u00c9<\/h3><p>CE SITE ET TOUTES LES INFORMATIONS, LE CONTENU, LE MAT\u00c9RIEL, LES PRODUITS (Y COMPRIS LES LOGICIELS) ET LES SERVICES INCLUS OU MIS \u00c0 VOTRE DISPOSITION PAR L&#8217;INTERM\u00c9DIAIRE DE CE SITE SONT FOURNIS PAR STARKFUTURE.CA &#8220;EN L&#8217;\u00c9TAT&#8221; ET &#8220;SELON LA DISPONIBILIT\u00c9&#8221;, SAUF INDICATION CONTRAIRE PAR \u00c9CRIT. STARKFUTURE.CA NE FAIT AUCUNE D\u00c9CLARATION ET NE DONNE AUCUNE GARANTIE, EXPRESSE OU IMPLICITE, CONCERNANT L&#8217;EXPLOITATION DE CE SITE OU LES INFORMATIONS, LE CONTENU, LE MAT\u00c9RIEL, LES PRODUITS (Y COMPRIS LES LOGICIELS) OU LES SERVICES INCLUS SUR CE SITE OU MIS \u00c0 VOTRE DISPOSITION PAR L&#8217;INTERM\u00c9DIAIRE DE CE SITE, SAUF INDICATION CONTRAIRE PAR \u00c9CRIT. VOUS ACCEPTEZ EXPRESS\u00c9MENT QUE L&#8217;UTILISATION DE CE SITE SE FAIT \u00c0 VOS RISQUES ET P\u00c9RILS.<\/p><p>DANS TOUTE LA MESURE PERMISE PAR LA LOI APPLICABLE, STARKFUTURE.CA D\u00c9CLINE TOUTE GARANTIE, EXPRESSE OU IMPLICITE, Y COMPRIS, MAIS SANS S&#8217;Y LIMITER, LES GARANTIES IMPLICITES DE QUALIT\u00c9 MARCHANDE ET DE CONFORMIT\u00c9 \u00c0 UN USAGE PARTICULIER. STARKFUTURE.CA NE GARANTIT PAS QUE LE SITE STARKFUTURE.CA, L&#8217;INFORMATION, LE CONTENU, LE MAT\u00c9RIEL, LES PRODUITS (Y COMPRIS LES LOGICIELS) OU LES SERVICES INCLUS OU MIS \u00c0 VOTRE DISPOSITION PAR L&#8217;INTERM\u00c9DIAIRE DE CE SITE, SES SERVEURS OU LES E-MAILS ENVOY\u00c9S PAR STARKFUTURE.CA SONT EXEMPTS DE VIRUS OU D&#8217;AUTRES COMPOSANTS NOCIFS. STARKFUTURE.CA N&#8217;EST PAS RESPONSABLE DES DOMMAGES DE QUELQUE NATURE QUE CE SOIT R\u00c9SULTANT DE L&#8217;UTILISATION DU SITE STARKFUTURE.CA OU DE TOUTE INFORMATION, CONTENU, MAT\u00c9RIEL, PRODUITS (Y COMPRIS LES LOGICIELS) OU SERVICES INCLUS SUR CE SITE OU MIS \u00c0 VOTRE DISPOSITION PAR SON INTERM\u00c9DIAIRE, Y COMPRIS, MAIS SANS S&#8217;Y LIMITER, LES DOMMAGES DIRECTS, INDIRECTS, INCIDENTS, PUNITIFS ET CONS\u00c9CUTIFS.<\/p><p>LES LOIS DE CERTAINES JURIDICTIONS NE PERMETTENT PAS DE LIMITER LES GARANTIES IMPLICITES OU D&#8217;EXCLURE OU DE LIMITER CERTAINS DOMMAGES. SI CES LOIS S&#8217;APPLIQUENT A VOUS, IL EST POSSIBLE QUE TOUT OU PARTIE DES CLAUSES DE NON-RESPONSABILITE, DES EXCLUSIONS OU DES LIMITATIONS CI-DESSUS NE S&#8217;APPLIQUENT PAS A VOUS ET QUE VOUS AYEZ DES DROITS SUPPLEMENTAIRES.<\/p><h3>POLITIQUES DU SITE, MODIFICATION ET DIVISIBILIT\u00c9<\/h3><p>Veuillez consulter nos autres politiques, telles que notre politique de prix, affich\u00e9es sur le site Starkfuture.ca. Ces politiques r\u00e8glent \u00e9galement votre visite sur le site Starkfuture.ca. Votre utilisation du site Starkfuture.ca sera soumise \u00e0 la version des Conditions d&#8217;Utilisation affich\u00e9e sur ce site \u00e0 la date de l&#8217;utilisation. Par cons\u00e9quent, il vous est conseill\u00e9 de consulter les Conditions d&#8217;Utilisation avant d&#8217;utiliser le site Starkfuture.ca. EN CONTINUANT D&#8217;UTILISER CE SITE APR\u00c8S LA PUBLICATION DE TOUT CHANGEMENT OU R\u00c9VISION, VOUS ACCEPTEZ CES CHANGEMENTS OU R\u00c9VISIONS. SI VOUS N&#8217;ACCEPTEZ PAS LES CHANGEMENTS OU LES R\u00c9VISIONS DE CES CONDITIONS D&#8217;UTILISATION, VOUS DEVEZ CESSER D&#8217;UTILISER LE SITE STARKFUTURE.CA IMM\u00c9DIATEMENT. Si l&#8217;une de ces conditions est consid\u00e9r\u00e9e comme non valide, sans effet ou inapplicable pour une quelconque raison, cette condition sera consid\u00e9r\u00e9e comme ind\u00e9pendante et n&#8217;affectera pas la validit\u00e9 et l&#8217;applicabilit\u00e9 des autres conditions.<\/p>\t\t\t\t\t\t\t\t<\/div>\n\t\t\t\t<\/div>\n\t\t\t\t\t<\/div>\n\t\t<\/div>\n\t\t\t\t\t<\/div>\n\t\t<\/section>\n\t\t\t\t<\/div>\n\t\t","protected":false},"excerpt":{"rendered":"<p>TERMS &#038; CONDITION Bienvenue sur le site Starkfuture.ca (le &#8220;site Starkfuture.ca&#8221;). Les services de ce site sont offerts par Les entreprises Starkfuture inc. (&#8220;Starkfuture.ca&#8221;) et ses partenaires, sous r\u00e9serve des conditions suivantes. Si vous visitez le site Starkfuture.ca ou si vous y effectuez des achats, vous acceptez alors les conditions suivantes. Veuillez les lire attentivement. [&hellip;]<\/p>\n","protected":false},"author":1,"featured_media":0,"parent":0,"menu_order":0,"comment_status":"closed","ping_status":"closed","template":"elementor_header_footer","meta":{"_acf_changed":false,"footnotes":""},"class_list":["post-353","page","type-page","status-publish","hentry"],"acf":[],"_links":{"self":[{"href":"https:\/\/eskape.ca\/starkfuture\/wp-json\/wp\/v2\/pages\/353","targetHints":{"allow":["GET"]}}],"collection":[{"href":"https:\/\/eskape.ca\/starkfuture\/wp-json\/wp\/v2\/pages"}],"about":[{"href":"https:\/\/eskape.ca\/starkfuture\/wp-json\/wp\/v2\/types\/page"}],"author":[{"embeddable":true,"href":"https:\/\/eskape.ca\/starkfuture\/wp-json\/wp\/v2\/users\/1"}],"replies":[{"embeddable":true,"href":"https:\/\/eskape.ca\/starkfuture\/wp-json\/wp\/v2\/comments?post=353"}],"version-history":[{"count":33,"href":"https:\/\/eskape.ca\/starkfuture\/wp-json\/wp\/v2\/pages\/353\/revisions"}],"predecessor-version":[{"id":2405,"href":"https:\/\/eskape.ca\/starkfuture\/wp-json\/wp\/v2\/pages\/353\/revisions\/2405"}],"wp:attachment":[{"href":"https:\/\/eskape.ca\/starkfuture\/wp-json\/wp\/v2\/media?parent=353"}],"curies":[{"name":"wp","href":"https:\/\/api.w.org\/{rel}","templated":true}]}}