{"id":362,"date":"2023-02-06T14:05:32","date_gmt":"2023-02-06T14:05:32","guid":{"rendered":"https:\/\/starkfuture.ca\/?page_id=362"},"modified":"2025-08-07T12:18:47","modified_gmt":"2025-08-07T12:18:47","slug":"contactez-nous","status":"publish","type":"page","link":"https:\/\/eskape.ca\/starkfuture\/contactez-nous\/","title":{"rendered":"Contactez nous"},"content":{"rendered":"\t\t<div data-elementor-type=\"wp-page\" data-elementor-id=\"362\" class=\"elementor elementor-362\" data-elementor-post-type=\"page\">\n\t\t\t\t\t\t<section class=\"elementor-section elementor-top-section elementor-element elementor-element-8f9f316 elementor-section-boxed elementor-section-height-default elementor-section-height-default\" data-id=\"8f9f316\" data-element_type=\"section\" data-settings=\"{&quot;background_background&quot;:&quot;classic&quot;}\">\n\t\t\t\t\t\t<div class=\"elementor-container elementor-column-gap-default\">\n\t\t\t\t\t<div class=\"elementor-column elementor-col-100 elementor-top-column elementor-element elementor-element-1f616a9\" data-id=\"1f616a9\" data-element_type=\"column\">\n\t\t\t<div class=\"elementor-widget-wrap elementor-element-populated\">\n\t\t\t\t\t\t\t<\/div>\n\t\t<\/div>\n\t\t\t\t\t<\/div>\n\t\t<\/section>\n\t\t\t\t<section class=\"elementor-section elementor-top-section elementor-element elementor-element-e3fafd7 elementor-section-boxed elementor-section-height-default elementor-section-height-default\" data-id=\"e3fafd7\" data-element_type=\"section\" data-settings=\"{&quot;background_background&quot;:&quot;classic&quot;}\">\n\t\t\t\t\t\t<div class=\"elementor-container elementor-column-gap-default\">\n\t\t\t\t\t<div class=\"elementor-column elementor-col-100 elementor-top-column elementor-element elementor-element-fccdd88\" data-id=\"fccdd88\" data-element_type=\"column\">\n\t\t\t<div class=\"elementor-widget-wrap elementor-element-populated\">\n\t\t\t\t\t\t<div class=\"elementor-element elementor-element-ec531be elementor-widget elementor-widget-heading\" data-id=\"ec531be\" data-element_type=\"widget\" data-widget_type=\"heading.default\">\n\t\t\t\t<div class=\"elementor-widget-container\">\n\t\t\t\t\t<h3 class=\"elementor-heading-title elementor-size-default\">\u00c0 propos d'Eskape Entreprises\n<\/h3>\t\t\t\t<\/div>\n\t\t\t\t<\/div>\n\t\t\t\t<div class=\"elementor-element elementor-element-99849d9 elementor-widget elementor-widget-text-editor\" data-id=\"99849d9\" data-element_type=\"widget\" data-widget_type=\"text-editor.default\">\n\t\t\t\t<div class=\"elementor-widget-container\">\n\t\t\t\t\t\t\t\t\tChez Les Entreprises Eskape, nous sommes passionn\u00e9s par l&#8217;occasion\u00a0<a href=\"#\"><u><strong>motocyclettes\u00a0<\/strong><\/u><\/a>et nous sommes ravis de vous aider \u00e0 d\u00e9couvrir le plaisir et l&#8217;aventure qu&#8217;une moto d&#8217;occasion de qualit\u00e9 peut apporter \u00e0 votre vie ! Nous sommes fiers de desservir la r\u00e9gion de Chambly, offering the best in used motocyclettes. Nos vendeurs sympathiques et comp\u00e9tents, la finance, les d\u00e9partements de service et de pi\u00e8ces sont pr\u00eats \u00e0 fournir un service exceptionnel en tout temps, de l&#8217;assistance pendant que vous faites votre s\u00e9lection \u00e0 la maintenance et \u00e0 la personnalisation continues. Chez Les Entreprises Eskape, nous appr\u00e9cions la possibilit\u00e9 de cr\u00e9er une relation \u00e0 long terme avec nos clients, et nous le faisons en veillant \u00e0 d\u00e9passer vos attentes.\t\t\t\t\t\t\t\t<\/div>\n\t\t\t\t<\/div>\n\t\t\t\t<div class=\"elementor-element elementor-element-aa1e537 elementor-widget elementor-widget-heading\" data-id=\"aa1e537\" data-element_type=\"widget\" data-widget_type=\"heading.default\">\n\t\t\t\t<div class=\"elementor-widget-container\">\n\t\t\t\t\t<h4 class=\"elementor-heading-title elementor-size-default\">Contactez-nous<\/h4>\t\t\t\t<\/div>\n\t\t\t\t<\/div>\n\t\t\t\t<div class=\"elementor-element elementor-element-56445be elementor-widget elementor-widget-text-editor\" data-id=\"56445be\" data-element_type=\"widget\" data-widget_type=\"text-editor.default\">\n\t\t\t\t<div class=\"elementor-widget-container\">\n\t\t\t\t\t\t\t\t\tAppelez-nous au (450) 593-1213 ou venez aujourd&#8217;hui et faites l&#8217;exp\u00e9rience de notre service et de notre s\u00e9lection de qualit\u00e9 sup\u00e9rieure ! Au plaisir de vous servir!\t\t\t\t\t\t\t\t<\/div>\n\t\t\t\t<\/div>\n\t\t\t\t<div class=\"elementor-element elementor-element-554a276 elementor-button-align-stretch elementor-widget elementor-widget-form\" data-id=\"554a276\" data-element_type=\"widget\" data-settings=\"{&quot;step_next_label&quot;:&quot;Next&quot;,&quot;step_previous_label&quot;:&quot;Previous&quot;,&quot;button_width&quot;:&quot;100&quot;,&quot;step_type&quot;:&quot;number_text&quot;,&quot;step_icon_shape&quot;:&quot;circle&quot;}\" data-widget_type=\"form.default\">\n\t\t\t\t<div class=\"elementor-widget-container\">\n\t\t\t\t\t\t\t<form class=\"elementor-form\" method=\"post\" name=\"New Form\" aria-label=\"New Form\">\n\t\t\t<input type=\"hidden\" name=\"post_id\" value=\"362\"\/>\n\t\t\t<input type=\"hidden\" name=\"form_id\" value=\"554a276\"\/>\n\t\t\t<input type=\"hidden\" name=\"referer_title\" value=\"Contactez nous\" \/>\n\n\t\t\t\t\t\t\t<input type=\"hidden\" name=\"queried_id\" value=\"362\"\/>\n\t\t\t\n\t\t\t<div class=\"elementor-form-fields-wrapper elementor-labels-above\">\n\t\t\t\t\t\t\t\t<div class=\"elementor-field-type-text elementor-field-group elementor-column elementor-field-group-name elementor-col-100\">\n\t\t\t\t\t\t\t\t\t\t\t\t<label for=\"form-field-name\" class=\"elementor-field-label\">\n\t\t\t\t\t\t\t\tName\t\t\t\t\t\t\t<\/label>\n\t\t\t\t\t\t\t\t\t\t\t\t\t\t<input size=\"1\" type=\"text\" name=\"form_fields[name]\" id=\"form-field-name\" class=\"elementor-field elementor-size-sm  elementor-field-textual\" placeholder=\"Your Name\">\n\t\t\t\t\t\t\t\t\t\t\t<\/div>\n\t\t\t\t\t\t\t\t<div class=\"elementor-field-type-email elementor-field-group elementor-column elementor-field-group-email elementor-col-100 elementor-field-required\">\n\t\t\t\t\t\t\t\t\t\t\t\t<label for=\"form-field-email\" class=\"elementor-field-label\">\n\t\t\t\t\t\t\t\tEmail\t\t\t\t\t\t\t<\/label>\n\t\t\t\t\t\t\t\t\t\t\t\t\t\t<input size=\"1\" type=\"email\" name=\"form_fields[email]\" id=\"form-field-email\" class=\"elementor-field elementor-size-sm  elementor-field-textual\" placeholder=\"Your Email\" required=\"required\">\n\t\t\t\t\t\t\t\t\t\t\t<\/div>\n\t\t\t\t\t\t\t\t<div class=\"elementor-field-type-number elementor-field-group elementor-column elementor-field-group-field_4067ca4 elementor-col-100\">\n\t\t\t\t\t\t\t\t\t\t\t\t<label for=\"form-field-field_4067ca4\" class=\"elementor-field-label\">\n\t\t\t\t\t\t\t\tPhone\t\t\t\t\t\t\t<\/label>\n\t\t\t\t\t\t\t\t\t<input type=\"number\" name=\"form_fields[field_4067ca4]\" id=\"form-field-field_4067ca4\" class=\"elementor-field elementor-size-sm  elementor-field-textual\" placeholder=\"Your Phone\" min=\"\" max=\"\" >\n\t\t\t\t\t\t<\/div>\n\t\t\t\t\t\t\t\t<div class=\"elementor-field-type-textarea elementor-field-group elementor-column elementor-field-group-message elementor-col-100\">\n\t\t\t\t\t\t\t\t\t\t\t\t<label for=\"form-field-message\" class=\"elementor-field-label\">\n\t\t\t\t\t\t\t\tMessage\t\t\t\t\t\t\t<\/label>\n\t\t\t\t\t\t<textarea class=\"elementor-field-textual elementor-field  elementor-size-sm\" name=\"form_fields[message]\" id=\"form-field-message\" rows=\"3\" placeholder=\"Message\"><\/textarea>\t\t\t\t<\/div>\n\t\t\t\t\t\t\t\t<div class=\"elementor-field-group elementor-column elementor-field-type-submit elementor-col-100 e-form__buttons\">\n\t\t\t\t\t<button class=\"elementor-button elementor-size-sm\" type=\"submit\">\n\t\t\t\t\t\t<span class=\"elementor-button-content-wrapper\">\n\t\t\t\t\t\t\t\t\t\t\t\t\t\t\t\t\t\t\t\t\t\t<span class=\"elementor-button-text\">Send<\/span>\n\t\t\t\t\t\t\t\t\t\t\t\t\t<\/span>\n\t\t\t\t\t<\/button>\n\t\t\t\t<\/div>\n\t\t\t<\/div>\n\t\t<\/form>\n\t\t\t\t\t\t<\/div>\n\t\t\t\t<\/div>\n\t\t\t\t\t<\/div>\n\t\t<\/div>\n\t\t\t\t\t<\/div>\n\t\t<\/section>\n\t\t\t\t<\/div>\n\t\t","protected":false},"excerpt":{"rendered":"<p>\u00c0 propos d&#8217;Eskape Entreprises Chez Les Entreprises Eskape, nous sommes passionn\u00e9s par l&#8217;occasion\u00a0motocyclettes\u00a0et nous sommes ravis de vous aider \u00e0 d\u00e9couvrir le plaisir et l&#8217;aventure qu&#8217;une moto d&#8217;occasion de qualit\u00e9 peut apporter \u00e0 votre vie ! Nous sommes fiers de desservir la r\u00e9gion de Chambly, offering the best in used motocyclettes. Nos vendeurs sympathiques et [&hellip;]<\/p>\n","protected":false},"author":1,"featured_media":0,"parent":0,"menu_order":0,"comment_status":"closed","ping_status":"closed","template":"elementor_header_footer","meta":{"_acf_changed":false,"footnotes":""},"class_list":["post-362","page","type-page","status-publish","hentry"],"acf":[],"_links":{"self":[{"href":"https:\/\/eskape.ca\/starkfuture\/wp-json\/wp\/v2\/pages\/362","targetHints":{"allow":["GET"]}}],"collection":[{"href":"https:\/\/eskape.ca\/starkfuture\/wp-json\/wp\/v2\/pages"}],"about":[{"href":"https:\/\/eskape.ca\/starkfuture\/wp-json\/wp\/v2\/types\/page"}],"author":[{"embeddable":true,"href":"https:\/\/eskape.ca\/starkfuture\/wp-json\/wp\/v2\/users\/1"}],"replies":[{"embeddable":true,"href":"https:\/\/eskape.ca\/starkfuture\/wp-json\/wp\/v2\/comments?post=362"}],"version-history":[{"count":38,"href":"https:\/\/eskape.ca\/starkfuture\/wp-json\/wp\/v2\/pages\/362\/revisions"}],"predecessor-version":[{"id":2432,"href":"https:\/\/eskape.ca\/starkfuture\/wp-json\/wp\/v2\/pages\/362\/revisions\/2432"}],"wp:attachment":[{"href":"https:\/\/eskape.ca\/starkfuture\/wp-json\/wp\/v2\/media?parent=362"}],"curies":[{"name":"wp","href":"https:\/\/api.w.org\/{rel}","templated":true}]}}